
{"id":1141,"date":"2022-09-30T17:41:15","date_gmt":"2022-09-30T17:41:15","guid":{"rendered":"https:\/\/test.fondoalquimia.org\/?page_id=1141"},"modified":"2022-12-22T21:29:48","modified_gmt":"2022-12-22T21:29:48","slug":"organizaciones","status":"publish","type":"page","link":"https:\/\/test.fondoalquimia.org\/?page_id=1141","title":{"rendered":"Organizaciones"},"content":{"rendered":"<p>[vc_section full_width=&#8221;&#8221; bklyn_section_anchor_id=&#8221;about&#8221;][vc_row full_width=&#8221;&#8221; css=&#8221;.vc_custom_1670279263751{background-position: center !important;background-repeat: no-repeat !important;background-size: cover !important;}&#8221;][vc_column width=&#8221;1\/3&#8243; css=&#8221;.vc_custom_1663196400669{padding-bottom: -50px !important;}&#8221;][\/vc_column][vc_column width=&#8221;1\/3&#8243;][vc_column_text]<\/p>\n<p style=\"text-align: center; font-size: 1.5em; font-family: Roboto Condensed; color: #00513e;\">CONOCE A LAS<\/p>\n<p>[\/vc_column_text][vc_separator color=&#8221;custom&#8221; border_width=&#8221;3&#8243; el_width=&#8221;40&#8243; css=&#8221;.vc_custom_1664568516145{margin-top: -37px !important;padding-top: -37px !important;}&#8221; accent_color=&#8221;#00513e&#8221;][vc_column_text css=&#8221;.vc_custom_1664567023888{margin-top: -27px !important;padding-top: -27px !important;background-image: url(https:\/\/test.fondoalquimia.org\/wp-content\/uploads\/2022\/09\/portada_newsTitulo_bg-1.png?id=921) !important;background-position: center !important;background-repeat: no-repeat !important;background-size: cover !important;}&#8221;]<\/p>\n<p style=\"text-align: center;\"><span style=\"color: #ff8565; font-size: 2.8em; font-family: Roboto Condensed; font-weight: bold;\">ORGANIZACIONES<\/span><\/p>\n<p>[\/vc_column_text][vc_column_text css=&#8221;.vc_custom_1670279044374{margin-top: -40px !important;}&#8221;]<\/p>\n<p style=\"text-align: center; font-size: 1.1em; font-family: Roboto Condensed; color: #00513e;\"><strong>QUE EST\u00c1N CAMBIANDO EL MUNDO:<\/strong><\/p>\n<p>[\/vc_column_text][\/vc_column][vc_column width=&#8221;1\/3&#8243;][\/vc_column][\/vc_row][vc_row overflow_visible=&#8221;true&#8221; overflow_visible_tablet=&#8221;true&#8221; overflow_visible_mobile=&#8221;true&#8221; full_width=&#8221;&#8221; equal_height=&#8221;yes&#8221; css=&#8221;.vc_custom_1670279096122{margin-bottom: -80px !important;}&#8221;][vc_column width=&#8221;1\/3&#8243; background_attachment=&#8221;inherit&#8221;]<div class=\"wpb_content_element \"><style type=\"text\/css\">#ut_tm_69d46d6e26a1a .bklyn-team-member-ocupation { font-weight: normal; }#ut_tm_69d46d6e26a1a .bklyn-team-member-social-icons a { color: #252525; }#ut_tm_69d46d6e26a1a .bklyn-team-member-social-icons a:visited { color: #252525; }#ut_tm_69d46d6e26a1a .bklyn-team-member-social-icons a:hover { color: #ff3f00; }#ut_tm_69d46d6e26a1a .bklyn-team-member-social-icons a:focus { color: #ff3f00; }#ut_tm_69d46d6e26a1a .bklyn-team-member-social-icons a:active { color: #ff3f00; }<\/style><div id=\"ut_tm_69d46d6e26a1a\" class=\"bklyn-team-member bklyn-team-member-style-1  bklyn-team-member-left\"><div class=\"bklyn-team-member-avatar bklyn-team-member-avatar-with-swap\"><div class=\"bklyn-team-member-primary-image\"><img decoding=\"async\" alt=\"1\" class=\"ut-lozad\" src=\"data:image\/svg+xml;charset=utf-8,%3Csvg xmlns%3D'http%3A%2F%2Fwww.w3.org%2F2000%2Fsvg' viewBox%3D'0 0 800 600'%2F%3E\" data-src=\"https:\/\/test.fondoalquimia.org\/wp-content\/uploads\/2022\/12\/1-1.jpg\"><\/div><div class=\"bklyn-team-member-secondary-image\"><img decoding=\"async\" alt=\"1\" class=\"ut-lozad\" src=\"data:image\/svg+xml;charset=utf-8,%3Csvg xmlns%3D'http%3A%2F%2Fwww.w3.org%2F2000%2Fsvg' viewBox%3D'0 0 800 600'%2F%3E\" data-src=\"https:\/\/test.fondoalquimia.org\/wp-content\/uploads\/2022\/12\/infancia-trans.jpg\"><\/div><\/div><div class=\"bklyn-team-member-info\"><p class=\"bklyn-team-member-description\"><span style=\"color: #ffffff; font-size: 1.1em; font-family: Roboto Condensed; font-weight: bolder; background: #00513E;\">\u00a0AGRUPACI\u00d3N DE FAMILIARES DE V\u00cdCTIMAS<\/span><br \/>\n<span style=\"color: #ffffff; font-size: 1.1em; font-family: Roboto Condensed; font-weight: bolder; background: #00513E;\">DE FEMICIDIO: &#8220;CONSTRUIR ORGANIZACI\u00d3N<\/span><br \/>\n<span style=\"color: #ffffff; font-size: 1.1em; font-family: Roboto Condensed; font-weight: bolder; background: #00513E;\"> ES LA \u00daNICA\u00a0FORMA DE NO ESTAR SOLAS&#8221;\u00a0<\/span><\/p><\/div><\/div><\/div>[vc_empty_space height=&#8221;60px&#8221;][\/vc_column][vc_column width=&#8221;1\/3&#8243;]<div class=\"wpb_content_element \"><style type=\"text\/css\">#ut_tm_69d46d6e26de2 .bklyn-team-member-ocupation { font-weight: normal; }#ut_tm_69d46d6e26de2 .bklyn-team-member-social-icons a { color: #252525; }#ut_tm_69d46d6e26de2 .bklyn-team-member-social-icons a:visited { color: #252525; }#ut_tm_69d46d6e26de2 .bklyn-team-member-social-icons a:hover { color: #ff3f00; }#ut_tm_69d46d6e26de2 .bklyn-team-member-social-icons a:focus { color: #ff3f00; }#ut_tm_69d46d6e26de2 .bklyn-team-member-social-icons a:active { color: #ff3f00; }<\/style><div id=\"ut_tm_69d46d6e26de2\" class=\"bklyn-team-member bklyn-team-member-style-1  bklyn-team-member-left\"><div class=\"bklyn-team-member-avatar bklyn-team-member-avatar-with-swap\"><div class=\"bklyn-team-member-primary-image\"><img decoding=\"async\" alt=\"3\" class=\"ut-lozad\" src=\"data:image\/svg+xml;charset=utf-8,%3Csvg xmlns%3D'http%3A%2F%2Fwww.w3.org%2F2000%2Fsvg' viewBox%3D'0 0 800 600'%2F%3E\" data-src=\"https:\/\/test.fondoalquimia.org\/wp-content\/uploads\/2022\/12\/3.jpg\"><\/div><div class=\"bklyn-team-member-secondary-image\"><img decoding=\"async\" alt=\"3\" class=\"ut-lozad\" src=\"data:image\/svg+xml;charset=utf-8,%3Csvg xmlns%3D'http%3A%2F%2Fwww.w3.org%2F2000%2Fsvg' viewBox%3D'0 0 800 600'%2F%3E\" data-src=\"https:\/\/test.fondoalquimia.org\/wp-content\/uploads\/2022\/12\/femicidio.jpg\"><\/div><\/div><div class=\"bklyn-team-member-info\"><p class=\"bklyn-team-member-description\"><span style=\"color: #ffffff; font-size: 1.1em; font-family: Roboto Condensed; font-weight: bolder; background: #00513E;\">\u00a0MIRADAS DISIDENTES Y LOS CAMINOS<\/span><br \/>\n<span style=\"color: #ffffff; font-size: 1.1em; font-family: Roboto Condensed; font-weight: bolder; background: #00513E;\">QUE ABRI\u00d3 EL PROCESO CONSTITUYENTE<\/span><\/p><\/div><\/div><\/div>[vc_empty_space height=&#8221;60px&#8221;][\/vc_column][vc_column width=&#8221;1\/3&#8243;]<div class=\"wpb_content_element \"><style type=\"text\/css\">#ut_tm_69d46d6e2714c .bklyn-team-member-ocupation { font-weight: normal; }#ut_tm_69d46d6e2714c .bklyn-team-member-social-icons a { color: #252525; }#ut_tm_69d46d6e2714c .bklyn-team-member-social-icons a:visited { color: #252525; }#ut_tm_69d46d6e2714c .bklyn-team-member-social-icons a:hover { color: #ff3f00; }#ut_tm_69d46d6e2714c .bklyn-team-member-social-icons a:focus { color: #ff3f00; }#ut_tm_69d46d6e2714c .bklyn-team-member-social-icons a:active { color: #ff3f00; }<\/style><div id=\"ut_tm_69d46d6e2714c\" class=\"bklyn-team-member bklyn-team-member-style-1  bklyn-team-member-left\"><div class=\"bklyn-team-member-avatar bklyn-team-member-avatar-with-swap\"><div class=\"bklyn-team-member-primary-image\"><img decoding=\"async\" alt=\"2\" class=\"ut-lozad\" src=\"data:image\/svg+xml;charset=utf-8,%3Csvg xmlns%3D'http%3A%2F%2Fwww.w3.org%2F2000%2Fsvg' viewBox%3D'0 0 800 600'%2F%3E\" data-src=\"https:\/\/test.fondoalquimia.org\/wp-content\/uploads\/2022\/12\/2.jpg\"><\/div><div class=\"bklyn-team-member-secondary-image\"><img decoding=\"async\" alt=\"2\" class=\"ut-lozad\" src=\"data:image\/svg+xml;charset=utf-8,%3Csvg xmlns%3D'http%3A%2F%2Fwww.w3.org%2F2000%2Fsvg' viewBox%3D'0 0 800 600'%2F%3E\" data-src=\"https:\/\/test.fondoalquimia.org\/wp-content\/uploads\/2022\/12\/violencia-politica-sexual.jpg\"><\/div><\/div><div class=\"bklyn-team-member-info\"><p class=\"bklyn-team-member-description\"><span style=\"color: #ffffff; font-size: 1.1em; font-family: Roboto Condensed; font-weight: bolder; background: #00513E;\">\u00a1VIVAS EN LA MEMORIA Y EN LOS <\/span><br \/>\n<span style=\"color: #ffffff; font-size: 1.1em; font-family: Roboto Condensed; font-weight: bolder; background: #00513E;\">MOVIMIENTOS FEMINISTAS! ACTIVISTAS<\/span><br \/>\n<span style=\"color: #ffffff; font-size: 1.1em; font-family: Roboto Condensed; font-weight: bolder; background: #00513E;\">CONTRA LA VIOLENCIA POL\u00cdTICA SEXUAL<\/span><br \/>\n<\/p><\/div><\/div><\/div>[vc_empty_space height=&#8221;60px&#8221;][\/vc_column][\/vc_row][vc_row][vc_column width=&#8221;5\/6&#8243;]<div class=\"wpb_content_element \"><style type=\"text\/css\">#ut_vs_69d46d6e271c5.ut-shortcode-video-wrap .ut-video-module-caption-text span { font-weight: bold; }#ut_vs_69d46d6e271c5.ut-shortcode-video-wrap .ut-video-module-caption-text i { color: #ffffff; }#ut_vs_69d46d6e271c5.ut-shortcode-video-wrap .ut-video-module-play-icon{background:-webkit-linear-gradient(to top, #e57cc7 0%, #e57cc7 100%);background:-moz-linear-gradient(to top, #e57cc7 0%, #e57cc7 100%);background:-o-linear-gradient(to top, #e57cc7 0%, #e57cc7 100%);background:linear-gradient(to top, #e57cc7 0%, #e57cc7 100%);}<\/style><div id=\"ut_vs_69d46d6e271c5\" class=\"ut-shortcode-video-wrap  ut-shortcode-video-wrap-tablet- ut-shortcode-video-wrap-mobile- clearfix\" ><div id=\"ut_reveal_69d46d6e271c6\"  class=\"ut-video-module \"><div class=\"ut-video-module-caption \"><a class=\"ut-load-video \" data-location=\"inline\"  data-video=\"https:\/\/vimeo.com\/440365878\" data-html=\"#ut_vid_69d46d6e277c4\" href=\"#\">\r\n        <img loading=\"lazy\" decoding=\"async\" data-adaptive-images=\"{&quot;300&quot;:&quot;https:\\\/\\\/test.fondoalquimia.org\\\/wp-content\\\/uploads\\\/2022\\\/11\\\/yokonda-1-300x169.png&quot;,&quot;500&quot;:&quot;https:\\\/\\\/test.fondoalquimia.org\\\/wp-content\\\/uploads\\\/2022\\\/11\\\/yokonda-1-500x282.png&quot;,&quot;750&quot;:&quot;https:\\\/\\\/test.fondoalquimia.org\\\/wp-content\\\/uploads\\\/2022\\\/11\\\/yokonda-1-750x423.png&quot;,&quot;1000&quot;:&quot;https:\\\/\\\/test.fondoalquimia.org\\\/wp-content\\\/uploads\\\/2022\\\/11\\\/yokonda-1-1000x564.png&quot;,&quot;1500&quot;:&quot;https:\\\/\\\/test.fondoalquimia.org\\\/wp-content\\\/uploads\\\/2022\\\/11\\\/yokonda-1-1500x846.png&quot;,&quot;2500&quot;:&quot;https:\\\/\\\/test.fondoalquimia.org\\\/wp-content\\\/uploads\\\/2022\\\/11\\\/yokonda-1-2500x1410.png&quot;}\" src=\"data:image\/svg+xml;charset=utf-8,%3Csvg xmlns%3D'http%3A%2F%2Fwww.w3.org%2F2000%2Fsvg' viewBox%3D'0 0 952 537'%2F%3E\" width=\"952\" height=\"537\" data-src=\"https:\/\/test.fondoalquimia.org\/wp-content\/uploads\/2022\/11\/yokonda-1-1500x846.png\" data-image-id=\"1496\" class=\"ut-adaptive-image wp-post-image skip-lazy \">\r\n\r\n        <div class=\"ut-video-module-caption-text\"><div class=\"ut-video-module-inner-caption-text ut-video-module-empty-caption ut-video-module-caption-position-default\"><div class=\"ut-video-module-play-icon \"><i class=\"fa fa-play\" aria-hidden=\"true\"><\/i><\/div><\/div><\/div><\/a><\/div><div class=\"ut-video-module-loading\"><div class=\"ut-image-gallery-loader\"><div class=\"ut-image-gallery-loader-inner\"><\/div><\/div><\/div><\/div><\/div><\/div>[\/vc_column][vc_column width=&#8221;1\/6&#8243;][vc_column_text]<\/p>\n<p style=\"text-align: left;\"><span style=\"color: #00513e; font-size: 1.2em; font-family: Roboto Condensed; font-weight: bold;\">Mira nuestra serie <\/span><span style=\"color: #00513e; font-size: 1.2em; font-family: Roboto Condensed; font-weight: bold;\"><span style=\"color: #ff6600;\">ESTXS SOMOS, <\/span><\/span><span style=\"color: #00513e; font-size: 1.2em; font-family: Roboto Condensed; font-weight: bold;\"><span style=\"color: #ff6600;\">AS\u00cd RESISTIMOS<\/span> y conoce a Yokonda, <\/span><span style=\"color: #00513e; font-size: 1.2em; font-family: Roboto Condensed; font-weight: bold;\">Kamila y Emilia, activistas disidentes <\/span><span style=\"color: #00513e; font-size: 1.2em; font-family: Roboto Condensed; font-weight: bold;\">sexuales y de g\u00e9neros de Iquique y Santiago.<\/span><\/p>\n<p>[\/vc_column_text][vc_separator color=&#8221;black&#8221; align=&#8221;align_left&#8221; border_width=&#8221;3&#8243; el_width=&#8221;60&#8243; css=&#8221;.vc_custom_1664568233498{margin-top: -37px !important;padding-top: -37px !important;}&#8221;][vc_column_text css=&#8221;.vc_custom_1664568261390{margin-top: -20px !important;}&#8221;]<span style=\"text-align: left; color: #00513e; font-size: 1.8em; font-family: Roboto Condensed; line-height: 1em;\">M\u00edralo<\/span><br \/>\n<span style=\"text-align: left; color: #e57cc7; font-size: 2.6em; font-family: Roboto Condensed; line-height: 1em; font-weight: bold;\">AQU\u00cd<\/span>[\/vc_column_text][\/vc_column][\/vc_row][vc_row][vc_column width=&#8221;1\/2&#8243;]<div class=\"wpb_content_element \"><style type=\"text\/css\">#ut_vs_69d46d6e27810.ut-shortcode-video-wrap .ut-video-module-caption-text span { font-weight: bold; }#ut_vs_69d46d6e27810.ut-shortcode-video-wrap .ut-video-module-caption-text i { color: #ffffff; }#ut_vs_69d46d6e27810.ut-shortcode-video-wrap .ut-video-module-play-icon{background:-webkit-linear-gradient(to top, #e57cc7 0%, #e57cc7 100%);background:-moz-linear-gradient(to top, #e57cc7 0%, #e57cc7 100%);background:-o-linear-gradient(to top, #e57cc7 0%, #e57cc7 100%);background:linear-gradient(to top, #e57cc7 0%, #e57cc7 100%);}<\/style><div id=\"ut_vs_69d46d6e27810\" class=\"ut-shortcode-video-wrap  ut-shortcode-video-wrap-tablet- ut-shortcode-video-wrap-mobile- clearfix\" ><div id=\"ut_reveal_69d46d6e27811\"  class=\"ut-video-module \"><div class=\"ut-video-module-caption \"><a class=\"ut-load-video \" data-location=\"inline\"  data-video=\"https:\/\/vimeo.com\/440393284\" data-html=\"#ut_vid_69d46d6e27e72\" href=\"#\">\r\n        <img loading=\"lazy\" decoding=\"async\" data-adaptive-images=\"{&quot;300&quot;:&quot;https:\\\/\\\/test.fondoalquimia.org\\\/wp-content\\\/uploads\\\/2022\\\/12\\\/Camila-300x169.jpg&quot;,&quot;500&quot;:&quot;https:\\\/\\\/test.fondoalquimia.org\\\/wp-content\\\/uploads\\\/2022\\\/12\\\/Camila-500x281.jpg&quot;,&quot;750&quot;:&quot;https:\\\/\\\/test.fondoalquimia.org\\\/wp-content\\\/uploads\\\/2022\\\/12\\\/Camila-750x422.jpg&quot;,&quot;1000&quot;:&quot;https:\\\/\\\/test.fondoalquimia.org\\\/wp-content\\\/uploads\\\/2022\\\/12\\\/Camila-1000x563.jpg&quot;,&quot;1500&quot;:&quot;https:\\\/\\\/test.fondoalquimia.org\\\/wp-content\\\/uploads\\\/2022\\\/12\\\/Camila-1500x844.jpg&quot;,&quot;2500&quot;:&quot;https:\\\/\\\/test.fondoalquimia.org\\\/wp-content\\\/uploads\\\/2022\\\/12\\\/Camila-2500x1406.jpg&quot;}\" src=\"data:image\/svg+xml;charset=utf-8,%3Csvg xmlns%3D'http%3A%2F%2Fwww.w3.org%2F2000%2Fsvg' viewBox%3D'0 0 1920 1080'%2F%3E\" width=\"1920\" height=\"1080\" data-src=\"https:\/\/test.fondoalquimia.org\/wp-content\/uploads\/2022\/12\/Camila-1500x844.jpg\" data-image-id=\"1877\" class=\"ut-adaptive-image wp-post-image skip-lazy \">\r\n\r\n        <div class=\"ut-video-module-caption-text\"><div class=\"ut-video-module-inner-caption-text ut-video-module-empty-caption ut-video-module-caption-position-default\"><div class=\"ut-video-module-play-icon \"><i class=\"fa fa-play\" aria-hidden=\"true\"><\/i><\/div><\/div><\/div><\/a><\/div><div class=\"ut-video-module-loading\"><div class=\"ut-image-gallery-loader\"><div class=\"ut-image-gallery-loader-inner\"><\/div><\/div><\/div><\/div><\/div><\/div>[\/vc_column][vc_column width=&#8221;1\/2&#8243;]<div class=\"wpb_content_element \"><style type=\"text\/css\">#ut_vs_69d46d6e27ebe.ut-shortcode-video-wrap .ut-video-module-caption-text span { font-weight: bold; }#ut_vs_69d46d6e27ebe.ut-shortcode-video-wrap .ut-video-module-caption-text i { color: #ffffff; }#ut_vs_69d46d6e27ebe.ut-shortcode-video-wrap .ut-video-module-play-icon{background:-webkit-linear-gradient(to top, #e57cc7 0%, #e57cc7 100%);background:-moz-linear-gradient(to top, #e57cc7 0%, #e57cc7 100%);background:-o-linear-gradient(to top, #e57cc7 0%, #e57cc7 100%);background:linear-gradient(to top, #e57cc7 0%, #e57cc7 100%);}<\/style><div id=\"ut_vs_69d46d6e27ebe\" class=\"ut-shortcode-video-wrap  ut-shortcode-video-wrap-tablet- ut-shortcode-video-wrap-mobile- clearfix\" ><div id=\"ut_reveal_69d46d6e27ebf\"  class=\"ut-video-module \"><div class=\"ut-video-module-caption \"><a class=\"ut-load-video \" data-location=\"inline\"  data-video=\"https:\/\/vimeo.com\/\/442436979\" data-html=\"#ut_vid_69d46d6e284d0\" href=\"#\">\r\n        <img loading=\"lazy\" decoding=\"async\" data-adaptive-images=\"{&quot;300&quot;:&quot;https:\\\/\\\/test.fondoalquimia.org\\\/wp-content\\\/uploads\\\/2022\\\/12\\\/Emilia-Schneider-300x169.jpg&quot;,&quot;500&quot;:&quot;https:\\\/\\\/test.fondoalquimia.org\\\/wp-content\\\/uploads\\\/2022\\\/12\\\/Emilia-Schneider-500x281.jpg&quot;,&quot;750&quot;:&quot;https:\\\/\\\/test.fondoalquimia.org\\\/wp-content\\\/uploads\\\/2022\\\/12\\\/Emilia-Schneider-750x422.jpg&quot;,&quot;1000&quot;:&quot;https:\\\/\\\/test.fondoalquimia.org\\\/wp-content\\\/uploads\\\/2022\\\/12\\\/Emilia-Schneider-1000x563.jpg&quot;,&quot;1500&quot;:&quot;https:\\\/\\\/test.fondoalquimia.org\\\/wp-content\\\/uploads\\\/2022\\\/12\\\/Emilia-Schneider-1500x844.jpg&quot;,&quot;2500&quot;:&quot;https:\\\/\\\/test.fondoalquimia.org\\\/wp-content\\\/uploads\\\/2022\\\/12\\\/Emilia-Schneider-2500x1406.jpg&quot;}\" src=\"data:image\/svg+xml;charset=utf-8,%3Csvg xmlns%3D'http%3A%2F%2Fwww.w3.org%2F2000%2Fsvg' viewBox%3D'0 0 1920 1080'%2F%3E\" width=\"1920\" height=\"1080\" data-src=\"https:\/\/test.fondoalquimia.org\/wp-content\/uploads\/2022\/12\/Emilia-Schneider-1500x844.jpg\" data-image-id=\"1879\" class=\"ut-adaptive-image wp-post-image skip-lazy \">\r\n\r\n        <div class=\"ut-video-module-caption-text\"><div class=\"ut-video-module-inner-caption-text ut-video-module-empty-caption ut-video-module-caption-position-default\"><div class=\"ut-video-module-play-icon \"><i class=\"fa fa-play\" aria-hidden=\"true\"><\/i><\/div><\/div><\/div><\/a><\/div><div class=\"ut-video-module-loading\"><div class=\"ut-image-gallery-loader\"><div class=\"ut-image-gallery-loader-inner\"><\/div><\/div><\/div><\/div><\/div><\/div>[\/vc_column][\/vc_row][vc_column][\/vc_column][\/vc_section][vc_row full_width=&#8221;&#8221; equal_height=&#8221;yes&#8221;][vc_column width=&#8221;1\/5&#8243;][\/vc_column][vc_column width=&#8221;3\/5&#8243;][vc_column_text css=&#8221;.vc_custom_1670278997063{margin-top: -27px !important;padding-top: -27px !important;background-image: url(https:\/\/test.fondoalquimia.org\/wp-content\/uploads\/2022\/09\/portada_newsTitulo_bg-1.png?id=921) !important;background-position: center !important;background-repeat: no-repeat !important;background-size: cover !important;}&#8221;]<\/p>\n<p style=\"text-align: center;\"><span style=\"color: #ff8565; font-size: 2.8em; line-height: 0.2em; font-family: Roboto Condensed; font-weight: bold;\">NUESTRA APUESTA DE<\/span><\/p>\n<p style=\"text-align: center;\"><span style=\"color: #ff8565; font-size: 2.8em; line-height: 0.2em; font-family: Roboto Condensed; font-weight: bold;\">TRANSFORMACI\u00d3N<\/span><\/p>\n<p>[\/vc_column_text][\/vc_column][vc_column width=&#8221;1\/5&#8243;][\/vc_column][vc_column css=&#8221;.vc_custom_1670274909404{background-image: url(https:\/\/test.fondoalquimia.org\/wp-content\/uploads\/2022\/09\/OR_bg02.png?id=1166) !important;}&#8221;][vc_column_text css=&#8221;.vc_custom_1670274974430{margin-top: 10px !important;margin-right: 10px !important;margin-left: 10px !important;}&#8221;]<\/p>\n<p style=\"text-align: justify; line-height: 1em; font-family: Roboto Condensed; font-size: 1.4em; color: #00513e;\">En Alquimia creemos que, con sus acciones y trabajo, las organizaciones abren los caminos de lo posible. Creemos que son ellxs en sus territorios y comunidades qui\u00e9nes entraman el tejido social y qui\u00e9nes hacen las transformaciones sociales y culturales. Su acci\u00f3n sostenida en el tiempo les ha permitido ser el motor que impulsa y da vida a la democracia del pa\u00eds. En los \u00faltimos a\u00f1os, su quehacer las ha hecho cada vez m\u00e1s fuertes, logrando transformaciones hist\u00f3ricas.<\/p>\n<p style=\"text-align: justify; line-height: 1em; font-family: Roboto Condensed; font-size: 1.4em; color: #00513e;\">Se trata de organizaciones territoriales y redes feministas compuestas por personas con experiencias comunes, que se organizan cotidianamente para mejorar sus vidas y sus comunidades. Ante la violencia de g\u00e9nero, pol\u00edtica, econ\u00f3mica, ambiental y racial, lxs activistas se posicionan del lado de la vida y de la dignidad. Est\u00e1n compuestas por mujeres, ni\u00f1xs, personas trans, travestis, lesbianas, ind\u00edgenas, campesinxs, trabajadorxs, estudiantes, pobladorxs, artistas, defensorxs de la tierra, migrantes, afro, cuidadorxs. Ponen su tiempo, esfuerzo y voluntad en activismos que crean d\u00eda a d\u00eda nuevas formas de habitar el mundo y vivir en entornos m\u00e1s justos, m\u00e1s libres y m\u00e1s solidarios.<\/p>\n<p>[\/vc_column_text][\/vc_column][vc_column css=&#8221;.vc_custom_1670275085220{background-image: url(https:\/\/test.fondoalquimia.org\/wp-content\/uploads\/2022\/09\/OR_bg01.png?id=1165) !important;}&#8221;][vc_column_text]<\/p>\n<p style=\"text-align: justify; line-height: 1em; font-family: Roboto Condensed; font-size: 1.4em; color: #00513e;\">Su acci\u00f3n es amplia y diversa. Reconociendo las desigualdades que provoca el capitalismo y el patriarcado, construyen la transformaci\u00f3n desde lo m\u00e1s \u00edntimo: reconfigurando las relaciones con el cuerpo, la sexualidad y el goce; construyendo vida en comunidad con pr\u00e1cticas de solidaridad y apoyo mutuo; haci\u00e9ndose cargo de los problemas de sus comunidades como el acceso a la salud, la educaci\u00f3n, el trabajo y la vivienda; elaboran formas de subsistencia y econom\u00edas sostenibles; protegen la tierra, el mar, el agua y las semillas; disputan el acceso al conocimiento y a la informaci\u00f3n con investigaciones y medios de comunicaci\u00f3n y difusi\u00f3n independientes; recuperan la memoria hist\u00f3rica; hacen incidencia pol\u00edtica para lograr mejoras en pol\u00edticas p\u00fablicas y empujan avances legislativos, entre otras.<\/p>\n<p style=\"text-align: justify; line-height: 1em; font-family: Roboto Condensed; font-size: 1.4em; color: #00513e;\">Con sus acciones y trabajo, estas organizaciones y cada unx de sus activistas sostienen la vida con sus manos: construyen Chile desde sus cimientos y labran un futuro en la tierra donde quepamos todas, todes y todos.<\/p>\n<p>[\/vc_column_text][\/vc_column][\/vc_row][vc_row][vc_column][vc_empty_space][\/vc_column][\/vc_row]<\/p>\n","protected":false},"excerpt":{"rendered":"<p>[vc_section full_width=&#8221;&#8221; bklyn_section_anchor_id=&#8221;about&#8221;][vc_row full_width=&#8221;&#8221; css=&#8221;.vc_custom_1670279263751{background-position: center !important;background-repeat: no-repeat !important;background-size: cover !important;}&#8221;][vc_column width=&#8221;1\/3&#8243; css=&#8221;.vc_custom_1663196400669{padding-bottom: -50px !important;}&#8221;][\/vc_column][vc_column width=&#8221;1\/3&#8243;][vc_column_text] CONOCE A LAS [\/vc_column_text][vc_separator color=&#8221;custom&#8221; border_width=&#8221;3&#8243; el_width=&#8221;40&#8243; css=&#8221;.vc_custom_1664568516145{margin-top: -37px !important;padding-top: -37px !important;}&#8221; accent_color=&#8221;#00513e&#8221;][vc_column_text css=&#8221;.vc_custom_1664567023888{margin-top: -27px !important;padding-top: -27px !important;background-image: url(https:\/\/test.fondoalquimia.org\/wp-content\/uploads\/2022\/09\/portada_newsTitulo_bg-1.png?id=921) !important;background-position: center !important;background-repeat: no-repeat !important;background-size: cover !important;}&#8221;] ORGANIZACIONES [\/vc_column_text][vc_column_text css=&#8221;.vc_custom_1670279044374{margin-top: -40px !important;}&#8221;] QUE EST\u00c1N CAMBIANDO EL MUNDO: [\/vc_column_text][\/vc_column][vc_column width=&#8221;1\/3&#8243;][\/vc_column][\/vc_row][vc_row overflow_visible=&#8221;true&#8221; [&hellip;]<\/p>\n","protected":false},"author":2,"featured_media":0,"parent":0,"menu_order":0,"comment_status":"closed","ping_status":"closed","template":"","meta":{"footnotes":""},"class_list":["post-1141","page","type-page","status-publish","hentry"],"_links":{"self":[{"href":"https:\/\/test.fondoalquimia.org\/index.php?rest_route=\/wp\/v2\/pages\/1141","targetHints":{"allow":["GET"]}}],"collection":[{"href":"https:\/\/test.fondoalquimia.org\/index.php?rest_route=\/wp\/v2\/pages"}],"about":[{"href":"https:\/\/test.fondoalquimia.org\/index.php?rest_route=\/wp\/v2\/types\/page"}],"author":[{"embeddable":true,"href":"https:\/\/test.fondoalquimia.org\/index.php?rest_route=\/wp\/v2\/users\/2"}],"replies":[{"embeddable":true,"href":"https:\/\/test.fondoalquimia.org\/index.php?rest_route=%2Fwp%2Fv2%2Fcomments&post=1141"}],"version-history":[{"count":69,"href":"https:\/\/test.fondoalquimia.org\/index.php?rest_route=\/wp\/v2\/pages\/1141\/revisions"}],"predecessor-version":[{"id":2065,"href":"https:\/\/test.fondoalquimia.org\/index.php?rest_route=\/wp\/v2\/pages\/1141\/revisions\/2065"}],"wp:attachment":[{"href":"https:\/\/test.fondoalquimia.org\/index.php?rest_route=%2Fwp%2Fv2%2Fmedia&parent=1141"}],"curies":[{"name":"wp","href":"https:\/\/api.w.org\/{rel}","templated":true}]}}